Let f(o) = -3*o - 2. Let w be f(-2). Suppose -4*r + 2*l + l = 14, 4*r + w*l = 0. Let u(k) = k + 4. Determine u(r).
2
Let r be 12 - (-2)/(0 - 2). Let g(t) = 2*t - r - 3*t + 7. Calculate g(-6).
2
Let q(y) = 7*y**3 - 5*y**2 + 2*y - 5. Let w(n) = 3*n**3 - 2*n**2 + n - 2. Let r(k) = 2*q(k) - 5*w(k). Calculate r(-2).
10
Let c(t) be the second derivative of t**2/2 + 2*t. Let v(g) = g + 3. Let n(u) = -c(u) + v(u). Let j(b) = 2*b + 4. Let r(q) = 6*j(q) - 13*n(q). Calculate r(3).
-5
Let l(x) = -x - 5. Let n(s) = s**3 + 4*s**2 + s + 5. Let m be n(-4). Let z = m - 5. Give l(z).
-1
Let l = -36 - -37. Let d(g) = -2*g**2 - 1. Determine d(l).
-3
Let t(i) = -27*i**2 - 5. Let x(r) = -28*r**2 - 5. Let q(a) = -7*t(a) + 6*x(a). Let g(o) = -32*o**2 - 7. Let n(w) = 5*g(w) + 7*q(w). Give n(-1).
-13
Let s be ((-3)/(-2))/(2/4). Let j(t) = -16*t + 5. Let p(q) = 1. Let g(n) = -j(n) + 6*p(n). Let i(c) = -2*c. Let d(w) = 2*g(w) + 18*i(w). What is d(s)?
-10
Let w(c) = c**3 + 5*c**2 + 5*c + 3. Let p = -3 + 4. Let m = p - 1. Suppose -2*x - 9 + 1 = m. Calculate w(x).
-1
Suppose 2*f - 3 = -11. Suppose 5*i - 12 = i. Let u(k) = -i + k**2 + 4*k + 2*k - k. Give u(f).
-7
Let o(h) = h - 1. Let j(u) = -3*u + 20. Let c be j(5). Determine o(c).
4
Let k = -7 - -4. Let i(v) be the second derivative of v**3/6 + 2*v**2 - 2*v. Give i(k).
1
Let l be 7 - (0 + -2)*24/(-16). Let j(q) = -q + 3. Calculate j(l).
-1
Let l be 4/(-3) - (-50)/15. Let q(y) be the second derivative of 1/6*y**3 + 0 + y - y**l. What is q(-2)?
-4
Let r be (-4)/(-2*(0 + 1)). Let s(j) = 3 - 2*j - 3*j + j - j. Calculate s(r).
-7
Let y(o) = -o**2 - 4*o**2 - 2*o**2 + 5*o**2. Suppose 2*c = c - 2*j - 4, 0 = 3*c - j - 16. Suppose 0 = n - c*v - 3, v + 2 = -v. Calculate y(n).
-2
Let u(c) = 2*c**2 + 4*c + 2. Let p = 27 - 14. Suppose -3*m + r - 1 = 0, -r - p = -0*m + 4*m. Determine u(m).
2
Let x(p) = -4*p**2 - 4*p + 0 - 3 + 0*p**2. Let r be (-15)/12 + (-48)/64. Give x(r).
-11
Let c(t) = -t**3 - 6*t**2 + 10*t + 10. Let y(u) = u**3 + 4*u**2 + 2*u + 1. Let s be y(-4). Calculate c(s).
-11
Let d(b) = -b - 2. Let l be d(-3). Suppose -5*p - 20 = 5*j, -4*p - l = 3*j + 11. Let w(u) be the first derivative of -u**2/2 - 5*u - 193. Calculate w(j).
-1
Let k(s) = 11*s**3 - 5*s**3 - 5*s**3 + 4*s**2 + 2*s + 1 + 0. Calculate k(-4).
-7
Let j(p) = 13 + p + 18 - 4*p - 35. What is j(4)?
-16
Let b(g) be the second derivative of -g + 1/24*g**4 + 0 - 1/60*g**5 + 2/3*g**3 + g**2. Let x(a) be the first derivative of b(a). Give x(0).
4
Suppose 3*j + 16 = -2. Let t(b) = -b - 1. Give t(j).
5
Suppose 1 = -c + 4*h + 2, 3*c + h = 3. Let q(k) = 5*k + c + 7 - 10*k + 6*k. Calculate q(0).
8
Let m(y) = -5 - y**3 - 5*y**2 - 3 + 10 + 7*y. Determine m(-6).
-4
Suppose 0 = 2*s + 3*s - 35. Let q(i) = i**3 - 7*i**2 - 4. Determine q(s).
-4
Let b(d) = d**3 - 6*d**2 + 6*d - 6. Let l(j) = j**3 - 4*j**2 + 5. Let q be l(4). Determine b(q).
-1
Let a(s) = -s**2 + 9*s - 3 + 0*s - 5*s. Let k(d) = -d - 3. Let f = 7 + -12. Let b be k(f). Give a(b).
1
Let k be -1 + (4 - 0/2). Let h(u) = -3*u**2 + 3*u + 4*u**2 + 3*u - 3*u - 3. Calculate h(k).
15
Suppose 12 = -4*x + 3*p, 5*p = -3*x - 0*p - 38. Let u(y) = y**2 + 6*y + 8. What is u(x)?
8
Let k(x) = x**3 + 6*x**2 + 5*x + 6. Suppose 0*b + 4*b + 4 = 0, 0 = -5*u - b - 26. Determine k(u).
6
Let i(r) = -r**3 + 2*r**2 + 3*r - 3. Let x be i(3). Let g(o) = -6*o - 4. Determine g(x).
14
Let z = 3 + 0. Suppose -a - 5 + z = 0. Let y(g) = -2*g**2 - 3*g - 2. Determine y(a).
-4
Let o = 5 - 10. Let q(a) = 5*a**3 - 12*a**2 + 4*a + 7. Let v(b) = -14*b**3 + 35*b**2 - 11*b - 21. Let t(n) = 17*q(n) + 6*v(n). What is t(o)?
8
Let h(d) = 7*d**2 + 1 + 0 - d**2 + 3*d**2 - d**3 + 10*d. Let x be h(10). Let a(g) = 0*g**3 + 5*g**2 - 3*g**3 - g - 4*g**2. Calculate a(x).
-3
Let s be (-2)/(-4) - 7/2. Let v(l) = -13 - 7*l - l**2 - 10 + 19. What is v(s)?
8
Let j be 7*9/(-84)*-4. Let o(d) = -d + 7. What is o(j)?
4
Let g = 16 + -2. Let k = 6 - g. Let i(r) = r**2 + 7*r - 2. What is i(k)?
6
Let h(j) = -j - 1. Suppose -3*k = -0*k - 15. Let w = 7 - k. Give h(w).
-3
Suppose 0 = -3*w + 22 - 4. Suppose w*c = 3 - 45. Let o(i) = -i**2 - 7*i - 2. Calculate o(c).
-2
Let j(c) = c + 6. Suppose -2*x - 2*k = -8, -x + 3*k - 9 - 3 = 0. Calculate j(x).
6
Let n(z) = z**2 + 4*z + 4. Suppose -4*m = -4*x + 32, 2*x + 3*x - 44 = m. Suppose -3 - x = 3*s. Give n(s).
4
Let g be 8/6 - (-2)/3. Let p = 9 - 7. Let j(q) = 1 + 4*q**2 - 3*q**2 - p*q - 1. What is j(g)?
0
Let d(w) be the third derivative of w**4/12 + w**3/6 - 5*w**2 + 2. Let g(r) = r**3 - 3. Let k be g(0). Calculate d(k).
-5
Let q(b) = -b**3 - b + 1. Let i(s) = 7*s**3 + s**2 + 5*s - 8. Let c(n) = i(n) + 6*q(n). Determine c(0).
-2
Suppose -4*u - 35 = -9*u. Let o(f) = f**3 - 6*f**2 - 5*f - 10. Determine o(u).
4
Let y(u) = 47*u - 85*u + 43*u - 5 - u**2. What is y(5)?
-5
Let b(x) be the third derivative of x**6/720 - 7*x**5/120 - x**4/24 + 2*x**2. Let s(i) be the second derivative of b(i). Determine s(4).
-3
Let g(s) = -s**2 - 9*s - 6. Let f(z) = 8*z - 22. Let o be f(2). Determine g(o).
12
Let k(f) = -f**3 + 20*f**2 + 20*f + 27. Let x be k(21). Let n(b) = b**2 - 5*b - 3. Determine n(x).
3
Let r(j) = -1. Let o(b) = 3*b + 6. Let f(a) = -o(a) - 3*r(a). Give f(-3).
6
Let p = 12 + -8. Let d(m) be the third derivative of 0*m - 1/2*m**3 + 2*m**2 + 0 + 1/8*m**p - 1/60*m**5. Determine d(2).
-1
Let y(b) be the first derivative of -b**2 + 2*b + 1. Suppose -h + 6 = -5*o + 2*o, -4*h + o = -24. Suppose -4*a - 3*m = -4*m - 16, -2*a + m = -h. Determine y(a).
-8
Let f(q) = 4*q**2 - 4 + 3 + 3*q - 11*q**3 + 12*q**3. Suppose -5*g = 5*c, -3*g + 0*c - 4*c = -3. What is f(g)?
-1
Suppose -5*f + 2*g + 4 + 0 = 0, -5*g + 15 = 0. Let m(u) = u**2 + 3*u - 2. Determine m(f).
8
Let j(c) = 2*c + 4 - 3 - 3*c. Determine j(1).
0
Let z(p) be the first derivative of p**3/3 - 5*p - 1. Suppose 2*q = -3*q + 3*q. Calculate z(q).
-5
Let q(t) = 6*t. Let d(k) = -10*k - 7. Let s(u) = 15*u + 10. Let w(a) = -7*d(a) - 5*s(a). Let o(v) = 2*q(v) + 3*w(v). Let g be 2 - 3*(0 - -2). What is o(g)?
9
Let v(a) be the second derivative of a**5/20 + a**4/12 - a**3/3 + a**2/2 + 12*a. What is v(-2)?
1
Let m(d) = -d**3 + 7*d**2 + 2*d - 9. Let t be m(7). Let x(q) = q**2 - 7*q - 6. Let z(g) = -3*g**2 + 22*g + 18. Let c(o) = 7*x(o) + 2*z(o). What is c(t)?
-6
Let v(t) = -10*t - 10*t + 13 - 5*t + 26*t. Give v(-9).
4
Let p(w) = -8*w - 4 - 2 + 9 - 7*w**2 + 2. Let j(r) = -r**2 - r + 11. Let v be j(0). Let l(d) = -13*d**2 - 15*d + 9. Let g(u) = v*p(u) - 6*l(u). Determine g(-4).
9
Let y(j) = 1. Let i(c) = -2*c**2 - 2. Let a(k) = -i(k) - 4*y(k). What is a(2)?
6
Let f(d) = d**2 - 9*d - 12. Let a be f(18). Let h(j) = 2*j - 5*j + j**3 + a - 151 + 3*j**2. Suppose -3*k + k - 5*v + 19 = 0, 25 = 5*v. Give h(k).
8
Let y(l) = -l**3 - 4*l**2 + 2*l + 4. Let n(t) = -t**2 + 15*t + 13. Let b be n(16). What is y(b)?
-11
Let z be (8 - -1)/(6/(-4)). Let n(h) = -3*h - 4. Calculate n(z).
14
Let d(z) = z**2 + z - 1. Let g be (2/3)/(6/18). Suppose 0*m = g*m + 4. Give d(m).
1
Let m(t) be the third derivative of -1/6*t**3 + 2*t**2 + 0*t + 0 + 3/8*t**4. Determine m(-1).
-10
Let v(x) = 3*x - 3*x - x + 5. Calculate v(0).
5
Let v(q) = -7*q + 16. Let x(i) be the third derivative of 5*i**4/8 - 11*i**3/2 - 7*i**2. Let t(d) = -13*v(d) - 6*x(d). What is t(8)?
-2
Suppose -s = -4*v + 10 + 7, -4*v + 35 = 5*s. Let q(u) = 2*u**3 - 6*u**2 - 1 - u**s + 0*u**3 - 2 - u. What is q(6)?
-9
Suppose 5*n + 3*g = 9, 3*n + 12 = 2*g + 2*g. Let k(x) = -3 + 4 - 2*x + n*x. Give k(-5).
11
Let v be 2/(-3*(-4)/6). Let i = 3 + -3. Let a(n) = -n**2 + 3 + i - 2 + 6*n**3. Calculate a(v).
6
Let d(b) be the first derivative of b**3/3 + 5*b**2/2 - 4*b + 11. Determine d(-3).
-10
Let m(p) = -p. Let t = -2 - -2. Suppose 2*v + 2*v + 20 = t. Give m(v).
5
Let v(a) = -9*a + 8. Let n(h) = 8*h - 8. Let g(k) = 4*n(k) + 3*v(k). Determine g(6).
22
Let k(d) = -2*d + 6. Let j be (-2)/17 - 2299/(-323). Let l = j + -3. Calculate k(l).
-2
Let p be -1 + 5 - (0 + 1). Let b = 10 + -7. Let r(o) = o - b*o + 0*o + 2 + o**2. Determine r(p).
5
Let a(o) = 6*o**2 + 0 - o - 7 - 2*o + 0 - o**3. Let v(i) = -i**2 + 6*i - 4. Let b be v(4). Suppose 0*u = 4*u + 4*p - 12, b*u - 3*p - 26 = 0. Give a(u).
3
Let x(i) = 10*i + 3 - 3*i + 2*i**2 + 1. Determine x(-4).
8
Let s = -75 + 75. Let n(v) = v + 22. Calculate n(s).
22
